se 2
-100
-3a (base 11) to base 16
-2b
Convert 31 (base 15) to base 10.
46
What is -1010 (base 2) in base 12?
-a
48 (base 12) to base 6
132
Convert 166 (base 7) to base 9.
117
What is 4 (base 9) in base 15?
4
What is -240 (base 5) in base 14?
-50
3 (base 13) to base 10
3
3 (base 11) to base 6
3
-100 (base 2) to base 10
-4
What is 50 (base 8) in base 12?
34
-4 (base 16) to base 9
-4
-51 (base 7) to base 3
-1100
Convert 0 (base 16) to base 15.
0
What is 15 (base 14) in base 9?
21
What is -13 (base 12) in base 14?
-11
What is -138 (base 12) in base 5?
-1223
-30 (base 6) to base 4
-102
Convert -5 (base 14) to base 2.
-101
Convert -27 (base 13) to base 7.
-45
7 (base 16) to base 3
21
Convert -4 (base 15) to base 12.
-4
Convert -30 (base 11) to base 14.
-25
What is 113 (base 4) in base 13?
1a
21 (base 3) to base 4
13
Convert -2 (base 15) to base 13.
-2
Convert -32 (base 4) to base 15.
-e
1 (base 10) to base 11
1
-34 (base 6) to base 15
-17
What is -5 (base 11) in base 15?
-5
74 (base 8) to base 6
140
Convert -16 (base 14) to base 8.
-24
2 (base 6) to base 7
2
101 (base 2) to base 4
11
Convert 55 (base 7) to base 11.
37
What is -11 (base 6) in base 14?
-7
50 (base 15) to base 2
1001011
Convert -11100 (base 2) to base 14.
-20
What is -1a (base 11) in base 6?
-33
Convert -49 (base 16) to base 2.
-1001001
Convert -4 (base 5) to base 16.
-4
1 (base 7) to base 10
1
What is -1001000 (base 2) in base 14?
-52
331 (base 4) to base 11
56
What is 5 (base 14) in base 10?
5
-2 (base 12) to base 6
-2
What is -22 (base 8) in base 13?
-15
What is -11 (base 4) in base 6?
-5
Convert 1 (base 5) to base 7.
1
1112 (base 3) to base 2
101001
Convert 2 (base 3) to base 6.
2
105 (base 7) to base 6
130
-4 (base 6) to base 16
-4
Convert 20 (base 4) to base 6.
12
What is 0 (base 7) in base 4?
0
3 (base 7) to base 12
3
What is 30 (base 7) in base 2?
10101
Convert -1 (base 2) to base 13.
-1
What is -122 (base 6) in base 2?
-110010
What is -4 (base 12) in base 5?
-4
Convert -1 (base 15) to base 5.
-1
What is 25 (base 9) in base 12?
1b
Convert -27 (base 12) to base 13.
-25
2 (base 14) to base 15
2
1001 (base 3) to base 4
130
Convert 47 (base 16) to base 11.
65
Convert -211 (base 3) to base 9.
-24
4 (base 13) to base 3
11
What is 10 (base 6) in base 15?
6
Convert 1 (base 3) to base 14.
1
Convert 172 (base 8) to base 4.
1322
Convert 98 (base 10) to base 6.
242
Convert -4 (base 8) to base 16.
-4
Convert -15 (base 11) to base 6.
-24
Convert 31 (base 5) to base 12.
14
-100 (base 2) to base 11
-4
Convert 152 (base 9) to base 2.
10000000
What is 4 (base 10) in base 7?
4
Convert -17 (base 14) to base 2.
-10101
Convert 31 (base 11) to base 8.
42
Convert -19 (base 12) to base 2.
-10101
92 (base 12) to base 13
86
What is 10 (base 11) in base 2?
1011
-22 (base 16) to base 3
-1021
What is 63 (base 9) in base 13?
45
Convert -21 (base 6) to base 4.
-31
3 (base 12) to base 2
11
-10 (base 4) to base 6
-4
What is 7 (base 14) in base 12?
7
1c (base 16) to base 7
40
183 (base 9) to base 4
2130
What is 2 (base 12) in base 5?
2
What is -141 (base 7) in base 13?
-60
Convert 6 (base 12) to base 6.
10
Convert 112 (base 4) to base 16.
16
5 (base 13) to base 8
5
27 (base 16) to base 4
213
-1 (base 7) to base 11
-1
1110 (base 2) to base 11
13
What is 125 (base 10) in base 9?
148
-c0 (base 15) to base 7
-345
What is 233 (base 6) in base 15?
63
What is 94 (base 11) in base 9?
124
What is -4 (base 14) in base 8?
-4
What is -4 (base 6) in base 14?
-4
What is 22 (base 3) in base 11?
8
Convert -1 (base 4) to base 15.
-1
What is 0 (base 4) in base 6?
0
What is 101 (base 2) in base 4?
11
What is -3 (base 13) in base 10?
-3
Convert 2011 (base 3) to base 10.
58
-111 (base 3) to base 5
-23
What is -11 (base 7) in base 16?
-8
What is -86 (base 12) in base 13?
-7b
What is -8 (base 10) in base 13?
-8
What is -14 (base 14) in base 4?
-102
-11000110 (base 2) to base 14
-102
Convert c6 (base 13) to base 12.
116
Convert 0 (base 14) to base 13.
0
Convert 31 (base 11) to base 14.
26
Convert -26 (base 9) to base 7.
-33
3 (base 8) to base 4
3
Convert -1 (base 13) to base 4.
-1
-1 (base 14) to base 12
-1
What is 2 (base 8) in base 9?
2
-10 (base 4) to base 2
-100
What is -107 (base 9) in base 3?
-10021
What is 100 (base 2) in base 9?
4
What is -101 (base 3) in base 9?
-11
What is -2 (base 13) in base 16?
-2
Convert -4 (base 16) to base 2.
-100
Convert -6 (base 7) to base 2.
-110
What is -114 (base 5) in base 10?
-34
What is 1 (base 16) in base 10?
1
11100 (base 2) to base 16
1c
What is -5 (base 8) in base 15?
-5
-16 (base 9) to base 13
-12
Convert 5 (base 15) to base 5.
10
10 (base 3) to base 4
3
What is 0 (base 13) in base 15?
0
6 (base 8) to base 7
6
What is 131 (base 4) in base 12?
25
What is -54 (base 7) in base 13?
-30
Convert -a3 (base 15) to base 3.
-12200
What is -1 (base 10) in base 12?
-1
-1 (base 14) to base 13
-1
-150 (base 10) to base 3
-12120
Convert -10 (base 7) to base 6.
-11
What is -13 (base 14) in base 5?
-32
What is 145 (base 15) in base 13?
194
What is -61 (base 13) in base 5?
-304
Convert -2 (base 10) to base 14.
-2
What is 19 (base 16) in base 10?
25
-1 (base 3) to base 14
-1
What is -222 (base 7) in base 6?
-310
What is -1 (base 4) in base 6?
-1
What is 0 (base 4) in base 14?
0
Convert -1a (base 12) to base 4.
-112
What is -2102 (base 3) in base 10?
-65
12 (base 16) to base 12
16
3 (base 6) to base 4
3
What is 16 (base 10) in base 14?
12
What is -2210 (base 3) in base 6?
-203
0 (base 16) to base 10
0
3 (base 12) to base 11
3
233 (base 8) to base 12
10b
What is 6 (base 12) in base 2?
110
-24 (base 10) to base 15
-19
10 (base 13) to base 4
31
0 (base 10) to base 9
0
253 (base 8) to base 14
c3
Convert 85 (base 14) to base 2.
1110101
What is 58 (base 9) in base 7?
104
271 (base 8) to base 15
c5
Convert 37 (base 10) to base 7.
52
Convert 302 (base 4) to base 15.
35
Convert -10 (base 8) to base 13.
-8
3 (base 15) to base 16
3
What is 31 (base 5) in base 6?
24
What is 6 (base 9) in base 13?
6
-7a (base 13) to base 15
-6b
Convert a (base 11) to base 13.
a
Convert 10 (base 9) to base 2.
1001
Convert 26 (base 10) to base 6.
42
22 (base 13) to base 6
44
8 (base 13) to base 10
8
-1 (base 4) to base 8
-1
Convert -3 (base 5) to base 3.
-10
What is -30 (base 11) in base 7?
-45
Convert 111 (base 2) to base 9.
7
What is -10 (base 2) in base 12?
-2
-1010 (base 4) to base 12
-58
11 (base 10) to base 7
14
Convert 1 (base 15) to base 10.
1
Convert -42 (base 7) to base 8.
-36
52 (base 6) to base 4
200
3 (base 11) to base 10
3
-12 (base 14) to base 9
-17
What is -30 (base 8) in base 5?
-44
-33 (base 5) to base 4
-102
Convert -9 (base 13) to base 8.
-11
305 (base 8) to base 5
1242
Convert -5 (base 12) to base 5.
-10
What is 1 (base 9) in base 14?
1
Convert 1010 (base 2) to base 12.
a
-10300 (base 4) to base 3
-102021
1231 (base 6) to base 13
1a8
-4 (base 5) to base 2
-100
-1100 (base 3) to base 13
-2a
11110 (base 2) to base 15
20
What is 3 (base 8) in base 6?
3
What is -111 (base 2) in base 3?
-21
Convert -1a (base 14) to base 6.
-40
Convert -6 (base 9) to base 14.
-6
-432 (base 7) to base 9
-263
Convert -210 (base 3) to base 13.
-18
Convert -1020 (base 3) to base 15.
-23
Convert 54 (base 7) to base 13.
30
What is -15 (base 9) in base 2?
-1110
12 (base 4) to base 13
6
188 (base 9) to base 12
115
Convert -28 (base 10) to base 4.
-130
Convert 104 (base 7) to base 9.
58
What is 11101 (base 2) in base 15?
1e
Convert -15 (base 8) to base 4.
-31
-120 (base 6) to base 7
-66
1111 (base 2) to base 7
21
What is 220 (base 4) in base 15?
2a
What is 0 (base 15) in base 8?
0
-100 (base 4) to base 6
-24
111001 (base 2) to base 8
71
Convert -23a (base 11) to base 9.
-346
-1 (base 11) to base 12
-1
What is -74 (base 8) in base 13?
-48
Convert -11 (base 8) to base 15.
-9
What is 101 (base 2) in base 4?
11
What is -11322 (base 4) in base 13?
-231
Convert -3 (base 5) to base 16.
-3
-32 (base 5) to base 6
-25
What is 1 (base 13) in base 14?
1
-1102 (base 5) to base 12
-108
What is -36 (base 11) in base 8?
-47
-28 (base 9) to base 16
-1a
What is 11 (base 3) in base 8?
4
Convert -4 (base 16) to base 3.
-11
What is 3 (base 9) in base 11?
3
Convert -1 (base 11) to base 15.
-1
What is -a (base 12) in base 3?
-101
What is -86 (base 13) in base 8?
-156
C